{"id":3746,"date":"2021-03-29T11:17:07","date_gmt":"2021-03-29T11:17:07","guid":{"rendered":"https:\/\/sempravancar.pt\/cp_portfolio\/instalacao-de-alarme\/"},"modified":"2021-06-02T14:35:16","modified_gmt":"2021-06-02T14:35:16","slug":"instalacao-de-alarme","status":"publish","type":"cp_portfolio","link":"https:\/\/sempravancar.pt\/en\/cp_portfolio\/instalacao-de-alarme\/","title":{"rendered":"Instala\u00e7\u00e3o de alarme"},"content":{"rendered":"\t\t<div data-elementor-type=\"wp-post\" data-elementor-id=\"3746\" class=\"elementor elementor-3746 elementor-3049\">\n\t\t\t\t\t\t\t\t\t<section class=\"elementor-section elementor-top-section elementor-element elementor-element-778bd1e elementor-section-boxed elementor-section-height-default elementor-section-height-default\" data-id=\"778bd1e\" data-element_type=\"section\">\n\t\t\t\t\t\t<div class=\"elementor-container elementor-column-gap-default\">\n\t\t\t\t\t<div class=\"elementor-column elementor-col-100 elementor-top-column elementor-element elementor-element-5624e67\" data-id=\"5624e67\" data-element_type=\"column\">\n\t\t\t<div class=\"elementor-widget-wrap elementor-element-populated\">\n\t\t\t\t\t\t\t\t<div class=\"elementor-element elementor-element-e87b2b9 elementor-widget elementor-widget-text-editor\" data-id=\"e87b2b9\" data-element_type=\"widget\" data-widget_type=\"text-editor.default\">\n\t\t\t\t<div class=\"elementor-widget-container\">\n\t\t\t\t\t\t\t<p>Lorem ipsum dolor sit amet, consectetur adipiscing elit. Nullam id tincidunt elit. Suspendisse potenti. Quisque ut arcu tempor, convallis risus maximus, consectetur est. Quisque rhoncus est in quam bibendum congue. Pellentesque leo eros, viverra ac aliquam sit amet, tincidunt eu dui. Donec molestie pretium tortor venenatis lobortis. Maecenas rhoncus vestibulum metus sed eleifend. Suspendisse potenti.<\/p><p>Morbi pellentesque odio vitae pulvinar molestie. Nulla efficitur nunc a augue commodo, et fermentum orci pulvinar. Sed sed tristique nisl. Sed eleifend convallis erat, eget euismod lectus aliquam eu. Cras non vulputate urna. Nam nec eros magna. In finibus rhoncus mauris sit amet fringilla. Vestibulum et sapien condimentum justo vulputate mattis ut sed dolor. Nullam ac odio posuere, ornare ligula ut, interdum nisi. Maecenas eget metus a ex viverra egestas et ac tellus. Nulla molestie ac purus quis imperdiet. Vivamus volutpat augue convallis mattis faucibus. Aenean gravida tincidunt eros quis laoreet. Vestibulum pulvinar massa et mi placerat ornare. Donec luctus commodo ipsum vel accumsan.<\/p>\t\t\t\t\t\t<\/div>\n\t\t\t\t<\/div>\n\t\t\t\t\t<\/div>\n\t\t<\/div>\n\t\t\t\t\t\t\t<\/div>\n\t\t<\/section>\n\t\t\t\t\t\t\t<\/div>\n\t\t","protected":false},"excerpt":{"rendered":"<p>Lorem ipsum dolor sit amet, consectetur adipiscing elit. Nullam id tincidunt elit. Suspendisse potenti. Quisque ut arcu tempor, convallis risus maximus, consectetur est. Quisque rhoncus est in quam bibendum congue. Pellentesque leo eros, viverra ac aliquam sit amet, tincidunt eu dui. Donec molestie pretium tortor venenatis lobortis. Maecenas rhoncus vestibulum metus sed eleifend. Suspendisse potenti. [&hellip;]<\/p>\n","protected":false},"author":1,"featured_media":3588,"template":"","cat_portfolio":[91],"yoast_head":"<!-- This site is optimized with the Yoast SEO plugin v19.10 - https:\/\/yoast.com\/wordpress\/plugins\/seo\/ -->\n<title>Instala\u00e7\u00e3o de alarme - Sempre Avan\u00e7ar<\/title>\n<meta name=\"robots\" content=\"index, follow, max-snippet:-1, max-image-preview:large, max-video-preview:-1\" \/>\n<link rel=\"canonical\" href=\"https:\/\/sempravancar.pt\/en\/cp_portfolio\/instalacao-de-alarme\/\" \/>\n<meta property=\"og:locale\" content=\"en_US\" \/>\n<meta property=\"og:type\" content=\"article\" \/>\n<meta property=\"og:title\" content=\"Instala\u00e7\u00e3o de alarme - Sempre Avan\u00e7ar\" \/>\n<meta property=\"og:description\" content=\"Lorem ipsum dolor sit amet, consectetur adipiscing elit. Nullam id tincidunt elit. Suspendisse potenti. Quisque ut arcu tempor, convallis risus maximus, consectetur est. Quisque rhoncus est in quam bibendum congue. Pellentesque leo eros, viverra ac aliquam sit amet, tincidunt eu dui. Donec molestie pretium tortor venenatis lobortis. Maecenas rhoncus vestibulum metus sed eleifend. Suspendisse potenti. [&hellip;]\" \/>\n<meta property=\"og:url\" content=\"https:\/\/sempravancar.pt\/en\/cp_portfolio\/instalacao-de-alarme\/\" \/>\n<meta property=\"og:site_name\" content=\"Sempre Avan\u00e7ar\" \/>\n<meta property=\"article:modified_time\" content=\"2021-06-02T14:35:16+00:00\" \/>\n<meta property=\"og:image\" content=\"https:\/\/sempravancar.pt\/wp-content\/uploads\/2021\/03\/sempravancar-69-min-scaled.jpg\" \/>\n\t<meta property=\"og:image:width\" content=\"2560\" \/>\n\t<meta property=\"og:image:height\" content=\"1707\" \/>\n\t<meta property=\"og:image:type\" content=\"image\/jpeg\" \/>\n<meta name=\"twitter:card\" content=\"summary_large_image\" \/>\n<meta name=\"twitter:label1\" content=\"Est. reading time\" \/>\n\t<meta name=\"twitter:data1\" content=\"1 minute\" \/>\n<script type=\"application\/ld+json\" class=\"yoast-schema-graph\">{\"@context\":\"https:\/\/schema.org\",\"@graph\":[{\"@type\":\"WebPage\",\"@id\":\"https:\/\/sempravancar.pt\/en\/cp_portfolio\/instalacao-de-alarme\/\",\"url\":\"https:\/\/sempravancar.pt\/en\/cp_portfolio\/instalacao-de-alarme\/\",\"name\":\"Instala\u00e7\u00e3o de alarme - Sempre Avan\u00e7ar\",\"isPartOf\":{\"@id\":\"https:\/\/sempravancar.pt\/#website\"},\"datePublished\":\"2021-03-29T11:17:07+00:00\",\"dateModified\":\"2021-06-02T14:35:16+00:00\",\"breadcrumb\":{\"@id\":\"https:\/\/sempravancar.pt\/en\/cp_portfolio\/instalacao-de-alarme\/#breadcrumb\"},\"inLanguage\":\"en-US\",\"potentialAction\":[{\"@type\":\"ReadAction\",\"target\":[\"https:\/\/sempravancar.pt\/en\/cp_portfolio\/instalacao-de-alarme\/\"]}]},{\"@type\":\"BreadcrumbList\",\"@id\":\"https:\/\/sempravancar.pt\/en\/cp_portfolio\/instalacao-de-alarme\/#breadcrumb\",\"itemListElement\":[{\"@type\":\"ListItem\",\"position\":1,\"name\":\"Home\",\"item\":\"https:\/\/sempravancar.pt\/en\/\"},{\"@type\":\"ListItem\",\"position\":2,\"name\":\"Instala\u00e7\u00e3o de alarme\"}]},{\"@type\":\"WebSite\",\"@id\":\"https:\/\/sempravancar.pt\/#website\",\"url\":\"https:\/\/sempravancar.pt\/\",\"name\":\"Sempre Avan\u00e7ar\",\"description\":\"Instala\u00e7\u00e3o el\u00e9ctrica\",\"potentialAction\":[{\"@type\":\"SearchAction\",\"target\":{\"@type\":\"EntryPoint\",\"urlTemplate\":\"https:\/\/sempravancar.pt\/?s={search_term_string}\"},\"query-input\":\"required name=search_term_string\"}],\"inLanguage\":\"en-US\"}]}<\/script>\n<!-- \/ Yoast SEO plugin. -->","yoast_head_json":{"title":"Instala\u00e7\u00e3o de alarme - Sempre Avan\u00e7ar","robots":{"index":"index","follow":"follow","max-snippet":"max-snippet:-1","max-image-preview":"max-image-preview:large","max-video-preview":"max-video-preview:-1"},"canonical":"https:\/\/sempravancar.pt\/en\/cp_portfolio\/instalacao-de-alarme\/","og_locale":"en_US","og_type":"article","og_title":"Instala\u00e7\u00e3o de alarme - Sempre Avan\u00e7ar","og_description":"Lorem ipsum dolor sit amet, consectetur adipiscing elit. Nullam id tincidunt elit. Suspendisse potenti. Quisque ut arcu tempor, convallis risus maximus, consectetur est. Quisque rhoncus est in quam bibendum congue. Pellentesque leo eros, viverra ac aliquam sit amet, tincidunt eu dui. Donec molestie pretium tortor venenatis lobortis. Maecenas rhoncus vestibulum metus sed eleifend. Suspendisse potenti. [&hellip;]","og_url":"https:\/\/sempravancar.pt\/en\/cp_portfolio\/instalacao-de-alarme\/","og_site_name":"Sempre Avan\u00e7ar","article_modified_time":"2021-06-02T14:35:16+00:00","og_image":[{"width":2560,"height":1707,"url":"https:\/\/sempravancar.pt\/wp-content\/uploads\/2021\/03\/sempravancar-69-min-scaled.jpg","type":"image\/jpeg"}],"twitter_card":"summary_large_image","twitter_misc":{"Est. reading time":"1 minute"},"schema":{"@context":"https:\/\/schema.org","@graph":[{"@type":"WebPage","@id":"https:\/\/sempravancar.pt\/en\/cp_portfolio\/instalacao-de-alarme\/","url":"https:\/\/sempravancar.pt\/en\/cp_portfolio\/instalacao-de-alarme\/","name":"Instala\u00e7\u00e3o de alarme - Sempre Avan\u00e7ar","isPartOf":{"@id":"https:\/\/sempravancar.pt\/#website"},"datePublished":"2021-03-29T11:17:07+00:00","dateModified":"2021-06-02T14:35:16+00:00","breadcrumb":{"@id":"https:\/\/sempravancar.pt\/en\/cp_portfolio\/instalacao-de-alarme\/#breadcrumb"},"inLanguage":"en-US","potentialAction":[{"@type":"ReadAction","target":["https:\/\/sempravancar.pt\/en\/cp_portfolio\/instalacao-de-alarme\/"]}]},{"@type":"BreadcrumbList","@id":"https:\/\/sempravancar.pt\/en\/cp_portfolio\/instalacao-de-alarme\/#breadcrumb","itemListElement":[{"@type":"ListItem","position":1,"name":"Home","item":"https:\/\/sempravancar.pt\/en\/"},{"@type":"ListItem","position":2,"name":"Instala\u00e7\u00e3o de alarme"}]},{"@type":"WebSite","@id":"https:\/\/sempravancar.pt\/#website","url":"https:\/\/sempravancar.pt\/","name":"Sempre Avan\u00e7ar","description":"Instala\u00e7\u00e3o el\u00e9ctrica","potentialAction":[{"@type":"SearchAction","target":{"@type":"EntryPoint","urlTemplate":"https:\/\/sempravancar.pt\/?s={search_term_string}"},"query-input":"required name=search_term_string"}],"inLanguage":"en-US"}]}},"_links":{"self":[{"href":"https:\/\/sempravancar.pt\/en\/wp-json\/wp\/v2\/cp_portfolio\/3746"}],"collection":[{"href":"https:\/\/sempravancar.pt\/en\/wp-json\/wp\/v2\/cp_portfolio"}],"about":[{"href":"https:\/\/sempravancar.pt\/en\/wp-json\/wp\/v2\/types\/cp_portfolio"}],"author":[{"embeddable":true,"href":"https:\/\/sempravancar.pt\/en\/wp-json\/wp\/v2\/users\/1"}],"version-history":[{"count":1,"href":"https:\/\/sempravancar.pt\/en\/wp-json\/wp\/v2\/cp_portfolio\/3746\/revisions"}],"predecessor-version":[{"id":3747,"href":"https:\/\/sempravancar.pt\/en\/wp-json\/wp\/v2\/cp_portfolio\/3746\/revisions\/3747"}],"wp:featuredmedia":[{"embeddable":true,"href":"https:\/\/sempravancar.pt\/en\/wp-json\/wp\/v2\/media\/3588"}],"wp:attachment":[{"href":"https:\/\/sempravancar.pt\/en\/wp-json\/wp\/v2\/media?parent=3746"}],"wp:term":[{"taxonomy":"cat_portfolio","embeddable":true,"href":"https:\/\/sempravancar.pt\/en\/wp-json\/wp\/v2\/cat_portfolio?post=3746"}],"curies":[{"name":"wp","href":"https:\/\/api.w.org\/{rel}","templated":true}]}}

Instalação de alarme

<!-- This site is optimized with the Yoast SEO plugin v19.10 - https://yoast.com/wordpress/plugins/seo/ -->
<title>Instalação de alarme - Sempre Avançar</title>
<meta name="robots" content="index, follow, max-snippet:-1, max-image-preview:large, max-video-preview:-1" />
<link rel="canonical" href="https://sempravancar.pt/en/cp_portfolio/instalacao-de-alarme/" />
<meta property="og:locale" content="en_US" />
<meta property="og:type" content="article" />
<meta property="og:title" content="Instalação de alarme - Sempre Avançar" />
<meta property="og:description" content="Lorem ipsum dolor sit amet, consectetur adipiscing elit. Nullam id tincidunt elit. Suspendisse potenti. Quisque ut arcu tempor, convallis risus maximus, consectetur est. Quisque rhoncus est in quam bibendum congue. Pellentesque leo eros, viverra ac aliquam sit amet, tincidunt eu dui. Donec molestie pretium tortor venenatis lobortis. Maecenas rhoncus vestibulum metus sed eleifend. Suspendisse potenti. [&hellip;]" />
<meta property="og:url" content="https://sempravancar.pt/en/cp_portfolio/instalacao-de-alarme/" />
<meta property="og:site_name" content="Sempre Avançar" />
<meta property="article:modified_time" content="2021-06-02T14:35:16+00:00" />
<meta property="og:image" content="https://sempravancar.pt/wp-content/uploads/2021/03/sempravancar-69-min-scaled.jpg" />
	<meta property="og:image:width" content="2560" />
	<meta property="og:image:height" content="1707" />
	<meta property="og:image:type" content="image/jpeg" />
<meta name="twitter:card" content="summary_large_image" />
<meta name="twitter:label1" content="Est. reading time" />
	<meta name="twitter:data1" content="1 minute" />
<script type="application/ld+json" class="yoast-schema-graph">{"@context":"https://schema.org","@graph":[{"@type":"WebPage","@id":"https://sempravancar.pt/en/cp_portfolio/instalacao-de-alarme/","url":"https://sempravancar.pt/en/cp_portfolio/instalacao-de-alarme/","name":"Instalação de alarme - Sempre Avançar","isPartOf":{"@id":"https://sempravancar.pt/#website"},"datePublished":"2021-03-29T11:17:07+00:00","dateModified":"2021-06-02T14:35:16+00:00","breadcrumb":{"@id":"https://sempravancar.pt/en/cp_portfolio/instalacao-de-alarme/#breadcrumb"},"inLanguage":"en-US","potentialAction":[{"@type":"ReadAction","target":["https://sempravancar.pt/en/cp_portfolio/instalacao-de-alarme/"]}]},{"@type":"BreadcrumbList","@id":"https://sempravancar.pt/en/cp_portfolio/instalacao-de-alarme/#breadcrumb","itemListElement":[{"@type":"ListItem","position":1,"name":"Home","item":"https://sempravancar.pt/en/"},{"@type":"ListItem","position":2,"name":"Instalação de alarme"}]},{"@type":"WebSite","@id":"https://sempravancar.pt/#website","url":"https://sempravancar.pt/","name":"Sempre Avançar","description":"Instalação eléctrica","potentialAction":[{"@type":"SearchAction","target":{"@type":"EntryPoint","urlTemplate":"https://sempravancar.pt/?s={search_term_string}"},"query-input":"required name=search_term_string"}],"inLanguage":"en-US"}]}</script>
<!-- / Yoast SEO plugin. -->

Instalação de alarme - Sempre Avançar

Sempre Avançar

Instalação eléctrica
